{"id":6,"date":"2015-05-26T17:33:55","date_gmt":"2015-05-26T15:33:55","guid":{"rendered":"http:\/\/suromed.de\/?page_id=6"},"modified":"2026-01-01T17:19:35","modified_gmt":"2026-01-01T16:19:35","slug":"sprechzeiten","status":"publish","type":"page","link":"https:\/\/suromed.de\/index.php\/sprechzeiten\/","title":{"rendered":"Sprechzeiten"},"content":{"rendered":"<div class=\"clear\" style=\" height:25px;\" ><\/div>\n<h4>Unsere Sprechzeiten<\/h4>\n<p>Unser Ziel ist es, soweit wie m\u00f6glich mit Terminabsprachen Ihren Arztbesuch planbar zu machen und Wartezeiten auf ein Mindestma\u00df zu reduzieren. Bei akuten Erkrankungen k\u00f6nnen Sie selbstverst\u00e4ndlich auch ohne Termin kommen, wobei Sie dann eher \u2013 je nach schwere der Erkrankung \u2013 auch mit einer l\u00e4ngeren Wartezeit rechnen m\u00fcssen.<\/p>\n<h6>Unsere Sprechzeiten sind:<\/h6>\n<p style=\"padding-left: 30px;\">Montag &#8211; Freitag \u00a0 \u00a0 \u00a0 \u00a0 \u00a0 \u00a0 \u00a0 \u00a0 \u00a0 \u00a0 7.30 &#8211; 12.30 Uhr<br \/>\nMontag und Donnerstag \u00a0 \u00a0 \u00a0 \u00a016.00 &#8211; 18.30 Uhr<br \/>\nDienstag \u00a0 \u00a0 \u00a0 \u00a0 \u00a0 \u00a0 \u00a0 \u00a0 \u00a0 \u00a0 \u00a0 \u00a0 \u00a0 \u00a0 \u00a0 \u00a0 14.00 &#8211; 16.30 Uhr<\/p>\n<p>Au\u00dferhalb dieser Zeiten k\u00f6nnen Termine nach Bedarf vereinbart werden.<\/p>\n<p><strong>Hausbesuche <\/strong>werden bei akuten Erkrankungen ohne M\u00f6glichkeit Ihrerseits die Praxis aufzusuchen, bei Pflege zu Hause oder im Heim selbstverst\u00e4ndlich von uns durchgef\u00fchrt.<\/p>\n<p>Rufen Sie bitte auch ausserhalb der Sprechzeiten zun\u00e4chst in der Praxis an. Sie erfahren hier \u00fcber unseren Anrufbeantworter wer Ihnen im Notfall helfen kann.<br \/>\nDie Telefonnummer f\u00fcr akute Notf\u00e4lle und f\u00fcr die Anforderung von Krankentransportern zur station\u00e4ren Behandlung im Krankenhaus ist die <strong>112<\/strong>.<br \/>\nDie Nummer f\u00fcr den \u00e4rztlichen Bereitschaftsdienst \u00fcber welche \u00e4rztliche Hilfe in der sprechstundenfreien Zeit, in der Nacht, am Wochenende und Feiertagen, sowie Mittwoch- und Freitagnachmittag angefordert werden kann ist die <strong>116117<\/strong>.<\/p>\n","protected":false},"excerpt":{"rendered":"<p>Unsere Sprechzeiten Unser Ziel ist es, soweit wie m\u00f6glich mit Terminabsprachen Ihren Arztbesuch planbar zu machen und Wartezeiten auf ein Mindestma\u00df zu reduzieren. Bei akuten Erkrankungen k\u00f6nnen Sie selbstverst\u00e4ndlich auch ohne Termin kommen, wobei Sie dann eher \u2013 je nach schwere der Erkrankung \u2013 auch mit einer l\u00e4ngeren Wartezeit rechnen m\u00fcssen. Unsere Sprechzeiten sind: Montag &#8211; Freitag \u00a0 \u00a0 \u00a0 \u00a0 \u00a0 \u00a0 \u00a0 \u00a0 \u00a0 \u00a0 7.30 &#8211; 12.30 Uhr Montag und Donnerstag \u00a0 \u00a0 \u00a0 \u00a016.00 &#8211; 18.30 Uhr Dienstag \u00a0 \u00a0 \u00a0 \u00a0 \u00a0 \u00a0 \u00a0 \u00a0 \u00a0 \u00a0 \u00a0 \u00a0 \u00a0 \u00a0 \u00a0 \u00a0 14.00 &#8211; 16.30 Uhr Au\u00dferhalb dieser Zeiten k\u00f6nnen Termine nach Bedarf vereinbart werden. Hausbesuche werden bei akuten Erkrankungen ohne M\u00f6glichkeit Ihrerseits die Praxis aufzusuchen, bei Pflege zu Hause oder im Heim selbstverst\u00e4ndlich von uns durchgef\u00fchrt. Rufen Sie bitte auch ausserhalb der Sprechzeiten zun\u00e4chst in der Praxis an. Sie erfahren hier \u00fcber unseren Anrufbeantworter wer Ihnen im Notfall helfen kann. Die Telefonnummer f\u00fcr akute Notf\u00e4lle und f\u00fcr die Anforderung von Krankentransportern zur station\u00e4ren Behandlung im Krankenhaus ist die 112. Die Nummer f\u00fcr den \u00e4rztlichen Bereitschaftsdienst \u00fcber welche \u00e4rztliche Hilfe in der sprechstundenfreien Zeit, in der Nacht, am Wochenende und Feiertagen, sowie Mittwoch- und Freitagnachmittag angefordert werden kann ist die 116117.<\/p>\n","protected":false},"author":1,"featured_media":0,"parent":0,"menu_order":0,"comment_status":"open","ping_status":"closed","template":"","meta":{"footnotes":""},"class_list":["post-6","page","type-page","status-publish","hentry"],"_links":{"self":[{"href":"https:\/\/suromed.de\/index.php\/wp-json\/wp\/v2\/pages\/6","targetHints":{"allow":["GET"]}}],"collection":[{"href":"https:\/\/suromed.de\/index.php\/wp-json\/wp\/v2\/pages"}],"about":[{"href":"https:\/\/suromed.de\/index.php\/wp-json\/wp\/v2\/types\/page"}],"author":[{"embeddable":true,"href":"https:\/\/suromed.de\/index.php\/wp-json\/wp\/v2\/users\/1"}],"replies":[{"embeddable":true,"href":"https:\/\/suromed.de\/index.php\/wp-json\/wp\/v2\/comments?post=6"}],"version-history":[{"count":24,"href":"https:\/\/suromed.de\/index.php\/wp-json\/wp\/v2\/pages\/6\/revisions"}],"predecessor-version":[{"id":600,"href":"https:\/\/suromed.de\/index.php\/wp-json\/wp\/v2\/pages\/6\/revisions\/600"}],"wp:attachment":[{"href":"https:\/\/suromed.de\/index.php\/wp-json\/wp\/v2\/media?parent=6"}],"curies":[{"name":"wp","href":"https:\/\/api.w.org\/{rel}","templated":true}]}}